= 15. Suppose -5*c + 50 = 5*b, 0*c + 5*c + v = 5*b. Calculate the remainder when 53 is divided by b.
9
Let q = -748 - -862. Calculate the remainder when q is divided by 40.
34
Suppose -73 = 2*b - 3*b. Let f(a) = -27*a - 2. Let p be f(-1). Suppose -o + 0*o + p = 0. What is the remainder when b is divided by o?
23
Let n = -10 + 9. Let l be (4 + n)/(6/20). Suppose 2*h - 4*w = -h + 56, -5*w - l = 0. Calculate the remainder when 30 is divided by h.
14
Suppose 2*y - d + 6*d - 29 = 0, -4*y - d = -13. Calculate the remainder when (-27)/(-135) - 68/(-10) is divided by y.
1
Suppose 12*f - 13*f - 1111 = -5*c, 3*c - 670 = 4*f. What is the remainder when c is divided by 9?
6
Let o(w) = -4*w**2 - 7*w - 2. Let a(l) = -12*l**2 - 20*l - 6. Let m(i) = 2*a(i) - 7*o(i). Calculate the remainder when m(-7) is divided by 34.
33
Let g(k) = 2*k**3 - 10*k + 36. Suppose 0 = 3*l - 3*h - 744, -3*h = 3*l + 2*l - 1256. What is the remainder when l is divided by g(0)?
34
Suppose 11*g - 9*g = 64. Calculate the remainder when (-5)/((-10)/g) + (5 - 3) is divided by 11.
7
Suppose 579*i = 576*i + 45. Suppose 5*f = -5*y - 7 + 32, -3*y - 5*f + 9 = 0. What is the remainder when i is divided by y?
7
Let c(m) = m**3 + 2*m**2 + 3*m - 2. Let z be c(-5). Let n be 12/6 - (-151 + 0). Let u = n + z. Calculate the remainder when u is divided by 16.
13
Let z = 170 + -121. Let x(m) = 9*m + 6. Let r be x(-2). What is the remainder when z is divided by (-4)/16 - 123/r?
9
Let g = -5 + 10. Suppose -24 - 16 = -g*k. Let n(l) = -l**2 + 10*l + 7. Calculate the remainder when 43 is divided by n(k).
20
Let n(f) = 12*f**2 - f. Suppose -3*b = b - 56. Calculate the remainder when n(-2) is divided by (5 - 2 - 4) + b.
11
Let d(f) = -f**3 - 11*f**2 + 19*f + 16. Let i be d(-13). Let b = -13 + 61. Let l = i - b. What is the remainder when l is divided by 20?
19
Let l(a) = 27*a**2 - 2*a + 9. Calculate the remainder when l(-3) is divided by 26.
24
Suppose -j = -5*q + 178 - 46, 0 = 2*q - 2*j - 48. Suppose 4001 = 81*t - 211. What is the remainder when t is divided by q?
25
Suppose 3*v + 4*q = 820, -4*q = -4*v - 120 + 1176. What is the remainder when v is divided by 6?
4
Suppose -3*x + 19 = 4*d - 6, -2*x - 50 = -4*d. What is the remainder when (1*-1)/5*(-10340)/44 is divided by (-36)/d*40/(-12)?
11
Let u be (5/(5/21))/1. Suppose -3*g = -u - 15. Let q = 141 + -106. Calculate the remainder when q is divided by g.
11
Calculate the remainder when (-3)/(-99)*6 + 5773/11 is divided by 22.
19
Let q(z) = -21*z - 116. What is the remainder when q(-13) is divided by 20?
17
Let h(i) = 2*i + 6. Suppose 5*o + 8 = -2*c + 25, -c - 9 = -o. Let j be h(c). What is the remainder when 5 is divided by j - -2*3/1?
1
Let i = 195 + -160. What is the remainder when 128 is divided by i?
23
Let k = 10744 + -10685. Let l = 6 - -6. What is the remainder when k is divided by l?
11
Suppose 0 = i + 2*b - 6, 5*i = -113*b + 108*b + 45. Suppose -f = -26 - 56. What is the remainder when f is divided by i?
10
Let v = -235 + 265. Calculate the remainder when 419 is divided by v.
29
Let a(k) = k**2 - k - 19. Let c be a(-4). What is the remainder when (-8)/(c + -3) + 23 is divided by 5?
2
Let y be ((-4)/1 - -5) + 4. Suppose y*j - 29 = 211. Suppose 4*v + 5*s - j = 0, 0 = -s - 3*s. What is the remainder when 23 is divided by v?
11
Let x(i) = i**2 - 6*i - 284. Calculate the remainder when x(-24) is divided by 5.
1
Let u(p) = -p**2 - 12*p - 25. Calculate the remainder when 637 is divided by u(-5).
7
Let m = 111 + -74. Let r(n) = 3*n**2 + 2*n - 2. Let p be r(1). Suppose p*d + m = 4*d. What is the remainder when d is divided by 10?
7
Suppose 5 + 30 = 7*c. Suppose -2*u = c*u - 189. What is the remainder when 51 is divided by u?
24
Suppose 6*s - 3*v = 2*s + 94, 4*s - 108 = -4*v. Calculate the remainder when 323 is divided by s.
23
Let r(i) = i**2 + 15*i - 11. Let o(b) = -b**3 - 4*b**2 + 8*b + 14. Let m be o(-4). What is the remainder when r(m) is divided by 24?
19
Let z = -116 - -131. What is the remainder when 23 is divided by z?
8
Suppose 14 = -6*j + 44. Suppose -2*i = -5*t + t + 14, -10 = t - j*i. What is the remainder when 18 is divided by t?
3
Let n be (-2 + 15/6)*12. Suppose -400 = o - n*o. Suppose 0*l = -4*l + 108. What is the remainder when o is divided by l?
26
Let i(u) = 18*u**2 - 5*u + 6. Suppose 0 = -7*x - 31 + 38. What is the remainder when 37 is divided by i(x)?
18
What is the remainder when 43 is divided by (-4 + (-99)/(-15))/(4/20)?
4
Suppose 5*v = -15, 4*f = 4*v + 247 + 233. Suppose -3*z = -3*j, -j = -3*z - 2*j + 16. Suppose z*k = 79 + 41. What is the remainder when f is divided by k?
27
Let s = 66 + -33. Let j(g) = g**3 + 5*g**2 - g - 13. Let q be j(-4). Suppose 0 = q*z - 115 - 564. What is the remainder when z is divided by s?
31
What is the remainder when 213 is divided by -4 + 104 + -3 + 3?
13
Let t(j) = j**3 + 7*j**2 - j - 4. Suppose -2*r - 3*r - 30 = 0. Let i be 28/r + (-2)/6. What is the remainder when t(i) is divided by 13?
12
Let h be 33/(-2) - (-7)/(-14). Let l = h + 17. Suppose 0 = 3*z - 5*g - 25, l = 2*z - 4*z + 3*g + 16. Calculate the remainder when 13 is divided by z.
3
Let a(v) = 325*v - 315. Let p(f) = -58*f. Let d be p(1). Calculate the remainder when (-4 - -2)/(4/d) is divided by a(1).
9
Suppose -88*a + 186*a - 220 = 88*a. Suppose 3*n - 1 + 7 = 0, -n = -2*p - 84. Let q = p + 86. What is the remainder when q is divided by a?
21
Let q = -594 + 619. Let l = -1 - -1. Suppose i - 7 = -l. Calculate the remainder when q is divided by i.
4
Suppose -4*q - m + 6 + 6 = 0, -2*q = -5*m - 28. Let s(d) = -2*d**3 + d**2 - 7*d + 58. Calculate the remainder when s(0) is divided by q.
2
Suppose -k = 12*r - 10*r - 18, -2*r = -5*k + 66. Calculate the remainder when 34 is divided by k.
6
Suppose 22*v - 9*v = 78. What is the remainder when 113 is divided by v?
5
Suppose -818 - 370 = -36*a. What is the remainder when 1121 is divided by a?
32
Suppose n + 3*v = 4*v + 25, 4*n = -2*v + 70. Calculate the remainder when n is divided by 7.
6
Suppose f + 9 = -3*p, 2*f = f - 5*p - 19. Suppose 0 = -3*v + 90 - f. Suppose 34 = y - 21. Calculate the remainder when y is divided by v.
27
Suppose 2*k - 23*a + 20*a = 57, -3*k + 123 = 3*a. Calculate the remainder when 108 is divided by k.
0
Let m = 131 + -98. What is the remainder when 228 is divided by m?
30
Let g be (8 - 4) + (196 - -1). Suppose b + 2*b = -5*m + 217, 5*m - b = g. Calculate the remainder when m is divided by 21.
20
Suppose -3*i - 252 = -q, q + 2*i - 313 = -41. What is the remainder when q is divided by 15?
9
Suppose -145 - 53 = -11*o. What is the remainder when 59 is divided by o?
5
Suppose 4*v - 93 = -57. Suppose 27 - v = a. What is the remainder when 159 is divided by a?
15
Calculate the remainder when 30 is divided by (63/(-15))/(17/(-85)).
9
Suppose u = 3*f + 42, -2*f + 30 = u + 8. Calculate the remainder when u is divided by 9/(-6)*-6 + -1.
6
Suppose -76*l + 6435 = -31*l. What is the remainder when l is divided by 25?
18
Suppose -2*b + 197 = x, 0 = 3*b + 8*x - 4*x - 308. Calculate the remainder when b is divided by 10.
6
Let s(v) = -3*v**2 - 56*v - 103. Calculate the remainder when 223 is divided by s(-13).
105
Let g = 482 + -430. What is the remainder when g is divided by 19?
14
Suppose 0 = -4*j + 4*b + 464, 0 = 7*j - 8*j + 3*b + 112. Calculate the remainder when j is divided by 12.
10
Let z = 120 + -138. Suppose -r + 77 = -0*r. Let l = r - z. Calculate the remainder when l is divided by 24.
23
Suppose -1311 = -0*i - 2*i + 3*u, 3*u - 1317 = -2*i. What is the remainder when i is divided by 47?
46
Let q = 151 + -146. Let j be 2 + 2 + -7 + 3. Suppose j = -4*p - 0*p + 16. Calculate the remainder when q is divided by p.
1
Suppose 4*a = 9*a + 630. Let c = -74 - a. What is the remainder when c is divided by 14?
10
What is the remainder when 68 is divided by -84*(-12)/(-42)*-1?
20
Suppose -i = -2*i + 43. Calculate the remainder when 209 + 19/5 + 64/(-80) is divided by i.
40
Suppose 48 = 4*u - 64. Suppose 4*c - 221 = 35. Let o = c + -54. What is the remainder when u is divided by o?
8
Let q(i) = -i**3 + 10*i**2 - 2. Let d = -18 - -28. Let r be q(d). What is the remainder when 26 is divided by r*((-27)/(-6))/(-1)?
8
Suppose -2*q + 3*t + 18 = 0, q - 3*t - 15 = -0*q. Let o = 13 + -13. Suppose o = -3*s +